hat is 22 + -23112?
-23040
In base 3, what is 112211212 - 2?
112211210
In base 8, what is -115 + 1622?
1505
In base 3, what is -2211 + -1200?
-11111
In base 13, what is 8b7 + 265?
b4c
In base 3, what is -2002100 - -1221?
-2000102
In base 5, what is 11400120 + 10?
11400130
In base 5, what is 3 - 13420011?
-13420003
In base 11, what is -3 - 3499?
-34a1
In base 11, what is 4046a + -7?
40463
In base 4, what is 230312 + 120?
231032
In base 15, what is 135 - -4720?
4855
In base 9, what is -5 - 130801?
-130806
In base 10, what is -1 - 35448?
-35449
In base 3, what is -21110 - -10?
-21100
In base 15, what is -5d + -57db?
-5849
In base 15, what is -10 - -6eb84?
6eb74
In base 4, what is 2321121 + 2?
2321123
In base 14, what is -2b6a0b - 2?
-2b6a0d
In base 10, what is 10 + -1093?
-1083
In base 9, what is -71 + 1210?
1128
In base 2, what is 10 + -1100100101010011?
-1100100101010001
In base 8, what is -73 + 31377?
31304
In base 14, what is 89 + 8db?
986
In base 12, what is -186 - 68b?
-855
In base 5, what is -30 + 112413?
112333
In base 9, what is -2 + 64720?
64717
In base 7, what is 42 + 11205?
11250
In base 12, what is 0 - 86a21?
-86a21
In base 12, what is -6 - 5496?
-54a0
In base 13, what is 1ba73 - 1c?
1ba54
In base 4, what is 2303110 + -120?
2302330
In base 2, what is -1001011001100 + 10?
-1001011001010
In base 15, what is -7c - -36a?
2dd
In base 10, what is 16980 - 69?
16911
In base 12, what is -12 - -14b62?
14b50
In base 11, what is 2 - -846?
848
In base 5, what is 31122 - 204?
30413
In base 12, what is -10458 + -7?
-10463
In base 11, what is -47655 - 4?
-47659
In base 3, what is -122212100010 + -1?
-122212100011
In base 11, what is -43563 + -46?
-435a9
In base 9, what is -10460 + 12?
-10447
In base 7, what is 2 - -5616?
5621
In base 2, what is -1011010111 + 101000100000?
11101001001
In base 5, what is 1343 + -1212?
131
In base 9, what is -40742 + 1?
-40741
In base 4, what is 1 + 31112132?
31112133
In base 2, what is -100110110101001 - 10000000?
-100111000101001
In base 11, what is 48 - -1422?
146a
In base 5, what is 22 + 30403?
30430
In base 5, what is -240 + 4?
-231
In base 8, what is -143076 - 24?
-143122
In base 4, what is 11202 - -21222?
33030
In base 10, what is 1280 + 285?
1565
In base 6, what is -25 - -30000?
25531
In base 12, what is 3 + 3431?
3434
In base 5, what is -204121004 + 3?
-204121001
In base 2, what is 100101100110111 + -1010?
100101100101101
In base 6, what is -43 + -2250035?
-2250122
In base 6, what is -5 + 1001014?
1001005
In base 7, what is -1036 + 1431?
362
In base 11, what is a23 - -178?
10a0
In base 8, what is 472 + 17314?
20006
In base 13, what is 797956 + 3?
797959
In base 12, what is 2b1 + 57?
348
In base 10, what is 428 + -3254?
-2826
In base 7, what is 36463 + 51?
36544
In base 10, what is -878 - 527?
-1405
In base 15, what is 86e4 - 5?
86de
In base 2, what is -11001011111110100001001 - -11?
-11001011111110100000110
In base 14, what is 43ba4 - -4?
43ba8
In base 9, what is -2682 + 4205?
1413
In base 6, what is 1402433 - 2?
1402431
In base 9, what is -1087125 + 4?
-1087121
In base 3, what is -11122020 - 221?
-11200011
In base 13, what is -45a3b1 + -4?
-45a3b5
In base 9, what is -4278 - 3?
-4282
In base 3, what is -220 + 1122201?
1121211
In base 9, what is -1 - -20865?
20864
In base 4, what is 31032003 + 11?
31032020
In base 5, what is 1022334 + 30?
1022414
In base 7, what is -164423 - 0?
-164423
In base 6, what is 1244 + -4545?
-3301
In base 9, what is -60387 - -4?
-60383
In base 10, what is 1605 - -8?
1613
In base 6, what is -130 + 2?
-124
In base 8, what is 4 + 24233?
24237
In base 16, what is -3 + -45c02?
-45c05
In base 6, what is 52 + -431?
-335
In base 7, what is 12643 + -115?
12525
In base 12, what is 108 - 72b9?
-71b1
In base 16, what is 1d - -1357?
1374
In base 3, what is 10 - -22121022?
22121102
In base 3, what is 10 - 10222221?
-10222211
In base 12, what is -3 - 30ab4?
-30ab7
In base 9, what is 63353 + 1?
63354
In base 13, what is 54b - -14?
562
In base 3, what is 1101010 + 20?
1101100
In base 7, what is -204652 - 13?
-204665
In base 5, what is -213 + 44201?
43433
In base 11, what is -5 - -8397?
8392
In base 12, what is -1a + -17b3?
-1811
In base 2, what is -1101110100111 - 11000?
-1101110111111
In base 8, what is 2457 + 16?
2475
In base 10, what is 105 + 7548?
7653
In base 6, what is -1535 + 154450?
152511
In base 13, what is -3 - 9b77?
-9b7a
In base 6, what is -102232 - -14?
-102214
In base 4, what is 33203 + 11101?
110310
In base 14, what is 1734d3 - 1?
1734d2
In base 9, what is -1 - -302807?
302806
In base 6, what is -54502 - 1?
-54503
In base 10, what is -14845 - 9?
-14854
In base 4, what is 31220 + -3?
31211
In base 9, what is -35681 + -4?
-35685
In base 12, what is -32779 + 1?
-32778
In base 9, what is 60 + 50187?
50257
In base 9, what is 714145 + 0?
714145
In base 7, what is -1460 + -32?
-1522
In base 9, what is 13 + -8733?
-8720
In base 3, what is 2020001001 - -1?
2020001002
In base 15, what is 2 - -234c?
234e
In base 5, what is 1223 + -134?
1034
In base 11, what is -4 - -10a08?
10a04
In base 6, what is -132334 + -112?
-132450
In base 16, what is -6ef - -a?
-6e5
In base 7, what is 4401 + 535?
5236
In base 9, what is 421 + 1530?
2051
In base 8, what is 3 + -346273?
-346270
In base 15, what is -5c4 - 827?
-deb
In base 9, what is -87467 + 1?
-87466
In base 13, what is 1281b + -2?
12819
In base 8, what is -157130 - 53?
-157203
In base 6, what is -1 + -100221?
-100222
In base 2, what is -100 + 100001010000101?
100001010000001
In base 7, what is 44502452 - -3?
44502455
In base 8, what is -2 + 1024064?
1024062
In base 4, what is 23 + 20301123?
20301212
In base 13, what is -5 - 5535?
-553a
In base 5, what is 1300414 - 1?
1300413
In base 2, what is -101 - -1100010010000010?
1100010001111101
In base 9, what is 102640 - -4?
102644
In base 10, what is 3892 - 347?
3545
In base 13, what is 1 - -281a5?
281a6
In base 15, what is 40 - 31d?
-2cd
In base 13, what is 119a95 + -4?
119a91
In base 12, what is -1 + -2a798?
-2a799
In base 2, what is -110101111110 - -11110?
-110101100000
In base 16, what is -3c22 + -2?
-3c24
In base 6, what is -4 + -25022?
-25030
In base 8, what is -551 + 147?
-402
In base 11, what is 5 + 3974?
3979
In base 12, what is -8 + 42?
36
In base 11, what is -1 + -1895?
-1896
In base 13, what is -22 - -abc7?
aba5
In base 12, what is -6 + 469506?
469500
In base 10, what is 935 + -5476?
-4541
In base 6, what is 203501 - 10?
203451
In base 15, what is -5a33e + -5?
-5a344
In base 14, what is 2958 + 5?
295d
In base 9, what is -15 - -56?
41
In base 10, what is 208 - 53?
155
In base 12, what is 39 - -a8b7?
a934
In base 8, what is -1307 + -314?
-1623
In base 9, what is 67345 + 5?
67351
In base 11, what is 160027 - -1?
160028
In base 2, what is 1010010011110001001 - -10?
1010010011110001011
In base 6, what is 5 - 10523522?
-10523513
In base 10, what is 2 - 205719?
-205717
In base 10, what is -13916 - 1?
-13917
In base 8, what is -21 + 26020?
25777
In base 11, what is -79a - -32?
-768
In base 10, what is 64 - -17161?
17225
In base 16, what is 4 + -d11b?
-d117
In base 10, what is -21958 + -5?
-21963
In base 11, what is 6 - 175595?
-17558a
In base 16, what is -4 - -303d?
3039
In base 13, what is -9 + 2229?
2220
In base 6, what is -5 - 251524?
-251533
In base 12, what is -5 - -7370?
7367
In base 14, what is 3 - -2c0c1?
2c0c4
In base 16, what is 11 + -ddb?
-dca
In base 15, what is -cb5 - -4?
-cb1
In base 8, what is 115372 - 10?
115362
In base 7, what is -160 + -332?
-522
In base 8, what is -505 + -105?
-612
In base 8, what is -2 + 474143?
474141
In base 9, what is 2 + -36265?
-36263
In base 14, what is 767 + 13d?
8a6
In base 5, what is -1 - 1303420?
-1303421
In base 5, what is 3103244 + -1?
3103243
In base 3, what is -110 + 2211200?
2211020
In base 12, what is -923 - -903?
-20
In base 11, what is 57a927 + 3?
57a92a
In base 8, what is 103 + 1507?
1612
In base 3, what is -1010 - -12020221?
12012211
In base 4, what is -2112 + -1101320?
-1110032
In base 12, what is -a32a + 4?
-a326
In base 9, what is 1174 + -8?
1165
In base 12, what is -16 - 7060?
-7076
In base 6, what is 2033410 + 5?
2033415
In base 8, what is 1 - -347245?
347246
In base 4, what is -100302 + 300?
-100002
In base 15, what is 9be7 + 5?
9bec
In base 